{"id":754,"date":"2023-06-22T17:58:11","date_gmt":"2023-06-22T15:58:11","guid":{"rendered":"https:\/\/pridima.de\/?page_id=754"},"modified":"2024-11-11T12:57:55","modified_gmt":"2024-11-11T11:57:55","slug":"lueckenlos","status":"publish","type":"page","link":"https:\/\/pridima.de\/index.php\/lueckenlos\/","title":{"rendered":"L\u00fcckenlos &#8211; Nach allen Regeln der Kunst"},"content":{"rendered":"\n<figure class=\"wp-block-gallery has-nested-images columns-default is-cropped wp-block-gallery-1 is-layout-flex wp-block-gallery-is-layout-flex\">\n<figure class=\"wp-block-image size-large\"><img loading=\"lazy\" decoding=\"async\" width=\"1024\" height=\"685\" data-id=\"1217\" src=\"https:\/\/pridima.de\/wp-content\/uploads\/2024\/11\/LU_Lueckenlos_1-1024x685.jpeg\" alt=\"\" class=\"wp-image-1217\" srcset=\"https:\/\/pridima.de\/wp-content\/uploads\/2024\/11\/LU_Lueckenlos_1-1024x685.jpeg 1024w, https:\/\/pridima.de\/wp-content\/uploads\/2024\/11\/LU_Lueckenlos_1-300x201.jpeg 300w, https:\/\/pridima.de\/wp-content\/uploads\/2024\/11\/LU_Lueckenlos_1-768x513.jpeg 768w, https:\/\/pridima.de\/wp-content\/uploads\/2024\/11\/LU_Lueckenlos_1-1536x1027.jpeg 1536w, https:\/\/pridima.de\/wp-content\/uploads\/2024\/11\/LU_Lueckenlos_1-2048x1369.jpeg 2048w\" sizes=\"auto, (max-width: 767px) 89vw, (max-width: 1000px) 54vw, (max-width: 1071px) 543px, 580px\" \/><\/figure>\n\n\n\n<figure class=\"wp-block-image size-large\"><img loading=\"lazy\" decoding=\"async\" width=\"1024\" height=\"648\" data-id=\"1216\" src=\"https:\/\/pridima.de\/wp-content\/uploads\/2024\/11\/LU_Lueckenlos_2-1024x648.jpeg\" alt=\"\" class=\"wp-image-1216\" srcset=\"https:\/\/pridima.de\/wp-content\/uploads\/2024\/11\/LU_Lueckenlos_2-1024x648.jpeg 1024w, https:\/\/pridima.de\/wp-content\/uploads\/2024\/11\/LU_Lueckenlos_2-300x190.jpeg 300w, https:\/\/pridima.de\/wp-content\/uploads\/2024\/11\/LU_Lueckenlos_2-768x486.jpeg 768w, https:\/\/pridima.de\/wp-content\/uploads\/2024\/11\/LU_Lueckenlos_2-1536x972.jpeg 1536w, https:\/\/pridima.de\/wp-content\/uploads\/2024\/11\/LU_Lueckenlos_2-2048x1296.jpeg 2048w\" sizes=\"auto, (max-width: 767px) 89vw, (max-width: 1000px) 54vw, (max-width: 1071px) 543px, 580px\" \/><\/figure>\n<\/figure>\n\n\n\n<p>Wer glaubt, dass Kunst nichts mit Mathematik zu tun hat, der irrt sich. In einer bunten Lernumgebung wird die PriMa Lernwerkstatt zum K\u00fcnstleratelier.<\/p>\n\n\n\n<p>Entdecke nicht nur wie ber\u00fchmte K\u00fcnstler, wie M.C. Escher oder Victor Vasarely mathematisches Wissen und optische Wahrnehmung f\u00fcr ihr Kunstwerke genutzt haben, sondern lernt selbst mit ein paar Tipps und Tricks geschickt eigene kreative Kunstwerke im Handumdrehen zu gestalten. Bei dieser Lernumgebung ist deine Kreativit\u00e4t gefragt, du kannst deine eigenen Monster und Tiere erstellen und damit ein ganzes Kunstwerk erschaffen, du fragst dich was das mit Mathematik zu tun hat?&nbsp;Dann komm doch gerne vorbei und finde es heraus. Nat\u00fcrlich darfst du deine Werke auch am Ende mit nach Hause nehmen.<\/p>\n\n\n\n<p>Wir freuen uns auf dich!<\/p>\n\n\n\n<p>Kunst oder Mathematik? \u2013 Die Mischung macht\u00b4s!<\/p>\n","protected":false},"excerpt":{"rendered":"<p>Wer glaubt, dass Kunst nichts mit Mathematik zu tun hat, der irrt sich. In einer bunten Lernumgebung wird die PriMa Lernwerkstatt zum K\u00fcnstleratelier. Entdecke nicht nur wie ber\u00fchmte K\u00fcnstler, wie M.C. Escher oder Victor Vasarely mathematisches Wissen und optische Wahrnehmung f\u00fcr ihr Kunstwerke genutzt haben, sondern lernt selbst mit ein paar Tipps und Tricks geschickt &hellip; <\/p>\n<p class=\"link-more\"><a href=\"https:\/\/pridima.de\/index.php\/lueckenlos\/\" class=\"more-link\"><span class=\"screen-reader-text\">\u201eL\u00fcckenlos &#8211; Nach allen Regeln der Kunst\u201c<\/span> weiterlesen<\/a><\/p>\n","protected":false},"author":1,"featured_media":1246,"parent":0,"menu_order":0,"comment_status":"closed","ping_status":"closed","template":"","meta":{"footnotes":""},"class_list":["post-754","page","type-page","status-publish","has-post-thumbnail","hentry"],"yoast_head":"<!-- This site is optimized with the Yoast SEO plugin v27.2 - https:\/\/yoast.com\/product\/yoast-seo-wordpress\/ -->\n<title>L\u00fcckenlos - Nach allen Regeln der Kunst - pridima<\/title>\n<meta name=\"robots\" content=\"index, follow, max-snippet:-1, max-image-preview:large, max-video-preview:-1\" \/>\n<link rel=\"canonical\" href=\"https:\/\/pridima.de\/index.php\/lueckenlos\/\" \/>\n<meta property=\"og:locale\" content=\"de_DE\" \/>\n<meta property=\"og:type\" content=\"article\" \/>\n<meta property=\"og:title\" content=\"L\u00fcckenlos - Nach allen Regeln der Kunst - pridima\" \/>\n<meta property=\"og:description\" content=\"Wer glaubt, dass Kunst nichts mit Mathematik zu tun hat, der irrt sich. In einer bunten Lernumgebung wird die PriMa Lernwerkstatt zum K\u00fcnstleratelier. Entdecke nicht nur wie ber\u00fchmte K\u00fcnstler, wie M.C. Escher oder Victor Vasarely mathematisches Wissen und optische Wahrnehmung f\u00fcr ihr Kunstwerke genutzt haben, sondern lernt selbst mit ein paar Tipps und Tricks geschickt &hellip; \u201eL\u00fcckenlos &#8211; Nach allen Regeln der Kunst\u201c weiterlesen\" \/>\n<meta property=\"og:url\" content=\"https:\/\/pridima.de\/index.php\/lueckenlos\/\" \/>\n<meta property=\"og:site_name\" content=\"pridima\" \/>\n<meta property=\"article:modified_time\" content=\"2024-11-11T11:57:55+00:00\" \/>\n<meta property=\"og:image\" content=\"https:\/\/pridima.de\/wp-content\/uploads\/2024\/11\/Isometrie_COLOURBOX-300x300-1.jpg\" \/>\n\t<meta property=\"og:image:width\" content=\"300\" \/>\n\t<meta property=\"og:image:height\" content=\"300\" \/>\n\t<meta property=\"og:image:type\" content=\"image\/jpeg\" \/>\n<meta name=\"twitter:card\" content=\"summary_large_image\" \/>\n<meta name=\"twitter:label1\" content=\"Gesch\u00e4tzte Lesezeit\" \/>\n\t<meta name=\"twitter:data1\" content=\"2\u00a0Minuten\" \/>\n<script type=\"application\/ld+json\" class=\"yoast-schema-graph\">{\"@context\":\"https:\/\/schema.org\",\"@graph\":[{\"@type\":\"WebPage\",\"@id\":\"https:\/\/pridima.de\/index.php\/lueckenlos\/\",\"url\":\"https:\/\/pridima.de\/index.php\/lueckenlos\/\",\"name\":\"L\u00fcckenlos - Nach allen Regeln der Kunst - pridima\",\"isPartOf\":{\"@id\":\"https:\/\/pridima.de\/#website\"},\"primaryImageOfPage\":{\"@id\":\"https:\/\/pridima.de\/index.php\/lueckenlos\/#primaryimage\"},\"image\":{\"@id\":\"https:\/\/pridima.de\/index.php\/lueckenlos\/#primaryimage\"},\"thumbnailUrl\":\"https:\/\/pridima.de\/wp-content\/uploads\/2024\/11\/Isometrie_COLOURBOX-300x300-1.jpg\",\"datePublished\":\"2023-06-22T15:58:11+00:00\",\"dateModified\":\"2024-11-11T11:57:55+00:00\",\"breadcrumb\":{\"@id\":\"https:\/\/pridima.de\/index.php\/lueckenlos\/#breadcrumb\"},\"inLanguage\":\"de\",\"potentialAction\":[{\"@type\":\"ReadAction\",\"target\":[\"https:\/\/pridima.de\/index.php\/lueckenlos\/\"]}]},{\"@type\":\"ImageObject\",\"inLanguage\":\"de\",\"@id\":\"https:\/\/pridima.de\/index.php\/lueckenlos\/#primaryimage\",\"url\":\"https:\/\/pridima.de\/wp-content\/uploads\/2024\/11\/Isometrie_COLOURBOX-300x300-1.jpg\",\"contentUrl\":\"https:\/\/pridima.de\/wp-content\/uploads\/2024\/11\/Isometrie_COLOURBOX-300x300-1.jpg\",\"width\":300,\"height\":300},{\"@type\":\"BreadcrumbList\",\"@id\":\"https:\/\/pridima.de\/index.php\/lueckenlos\/#breadcrumb\",\"itemListElement\":[{\"@type\":\"ListItem\",\"position\":1,\"name\":\"Home\",\"item\":\"https:\/\/pridima.de\/\"},{\"@type\":\"ListItem\",\"position\":2,\"name\":\"L\u00fcckenlos &#8211; Nach allen Regeln der Kunst\"}]},{\"@type\":\"WebSite\",\"@id\":\"https:\/\/pridima.de\/#website\",\"url\":\"https:\/\/pridima.de\/\",\"name\":\"pridima\",\"description\":\"Primarstufe Didaktik der Mathematik  Uni Landau\",\"publisher\":{\"@id\":\"https:\/\/pridima.de\/#organization\"},\"potentialAction\":[{\"@type\":\"SearchAction\",\"target\":{\"@type\":\"EntryPoint\",\"urlTemplate\":\"https:\/\/pridima.de\/?s={search_term_string}\"},\"query-input\":{\"@type\":\"PropertyValueSpecification\",\"valueRequired\":true,\"valueName\":\"search_term_string\"}}],\"inLanguage\":\"de\"},{\"@type\":\"Organization\",\"@id\":\"https:\/\/pridima.de\/#organization\",\"name\":\"PriMa Lernwerkstatt\",\"url\":\"https:\/\/pridima.de\/\",\"logo\":{\"@type\":\"ImageObject\",\"inLanguage\":\"de\",\"@id\":\"https:\/\/pridima.de\/#\/schema\/logo\/image\/\",\"url\":\"https:\/\/pridima.de\/wp-content\/uploads\/2022\/08\/PriMaLernwerstatt_CMYK.png\",\"contentUrl\":\"https:\/\/pridima.de\/wp-content\/uploads\/2022\/08\/PriMaLernwerstatt_CMYK.png\",\"width\":1452,\"height\":919,\"caption\":\"PriMa Lernwerkstatt\"},\"image\":{\"@id\":\"https:\/\/pridima.de\/#\/schema\/logo\/image\/\"}}]}<\/script>\n<!-- \/ Yoast SEO plugin. -->","yoast_head_json":{"title":"L\u00fcckenlos - Nach allen Regeln der Kunst - pridima","robots":{"index":"index","follow":"follow","max-snippet":"max-snippet:-1","max-image-preview":"max-image-preview:large","max-video-preview":"max-video-preview:-1"},"canonical":"https:\/\/pridima.de\/index.php\/lueckenlos\/","og_locale":"de_DE","og_type":"article","og_title":"L\u00fcckenlos - Nach allen Regeln der Kunst - pridima","og_description":"Wer glaubt, dass Kunst nichts mit Mathematik zu tun hat, der irrt sich. In einer bunten Lernumgebung wird die PriMa Lernwerkstatt zum K\u00fcnstleratelier. Entdecke nicht nur wie ber\u00fchmte K\u00fcnstler, wie M.C. Escher oder Victor Vasarely mathematisches Wissen und optische Wahrnehmung f\u00fcr ihr Kunstwerke genutzt haben, sondern lernt selbst mit ein paar Tipps und Tricks geschickt &hellip; \u201eL\u00fcckenlos &#8211; Nach allen Regeln der Kunst\u201c weiterlesen","og_url":"https:\/\/pridima.de\/index.php\/lueckenlos\/","og_site_name":"pridima","article_modified_time":"2024-11-11T11:57:55+00:00","og_image":[{"width":300,"height":300,"url":"https:\/\/pridima.de\/wp-content\/uploads\/2024\/11\/Isometrie_COLOURBOX-300x300-1.jpg","type":"image\/jpeg"}],"twitter_card":"summary_large_image","twitter_misc":{"Gesch\u00e4tzte Lesezeit":"2\u00a0Minuten"},"schema":{"@context":"https:\/\/schema.org","@graph":[{"@type":"WebPage","@id":"https:\/\/pridima.de\/index.php\/lueckenlos\/","url":"https:\/\/pridima.de\/index.php\/lueckenlos\/","name":"L\u00fcckenlos - Nach allen Regeln der Kunst - pridima","isPartOf":{"@id":"https:\/\/pridima.de\/#website"},"primaryImageOfPage":{"@id":"https:\/\/pridima.de\/index.php\/lueckenlos\/#primaryimage"},"image":{"@id":"https:\/\/pridima.de\/index.php\/lueckenlos\/#primaryimage"},"thumbnailUrl":"https:\/\/pridima.de\/wp-content\/uploads\/2024\/11\/Isometrie_COLOURBOX-300x300-1.jpg","datePublished":"2023-06-22T15:58:11+00:00","dateModified":"2024-11-11T11:57:55+00:00","breadcrumb":{"@id":"https:\/\/pridima.de\/index.php\/lueckenlos\/#breadcrumb"},"inLanguage":"de","potentialAction":[{"@type":"ReadAction","target":["https:\/\/pridima.de\/index.php\/lueckenlos\/"]}]},{"@type":"ImageObject","inLanguage":"de","@id":"https:\/\/pridima.de\/index.php\/lueckenlos\/#primaryimage","url":"https:\/\/pridima.de\/wp-content\/uploads\/2024\/11\/Isometrie_COLOURBOX-300x300-1.jpg","contentUrl":"https:\/\/pridima.de\/wp-content\/uploads\/2024\/11\/Isometrie_COLOURBOX-300x300-1.jpg","width":300,"height":300},{"@type":"BreadcrumbList","@id":"https:\/\/pridima.de\/index.php\/lueckenlos\/#breadcrumb","itemListElement":[{"@type":"ListItem","position":1,"name":"Home","item":"https:\/\/pridima.de\/"},{"@type":"ListItem","position":2,"name":"L\u00fcckenlos &#8211; Nach allen Regeln der Kunst"}]},{"@type":"WebSite","@id":"https:\/\/pridima.de\/#website","url":"https:\/\/pridima.de\/","name":"pridima","description":"Primarstufe Didaktik der Mathematik  Uni Landau","publisher":{"@id":"https:\/\/pridima.de\/#organization"},"potentialAction":[{"@type":"SearchAction","target":{"@type":"EntryPoint","urlTemplate":"https:\/\/pridima.de\/?s={search_term_string}"},"query-input":{"@type":"PropertyValueSpecification","valueRequired":true,"valueName":"search_term_string"}}],"inLanguage":"de"},{"@type":"Organization","@id":"https:\/\/pridima.de\/#organization","name":"PriMa Lernwerkstatt","url":"https:\/\/pridima.de\/","logo":{"@type":"ImageObject","inLanguage":"de","@id":"https:\/\/pridima.de\/#\/schema\/logo\/image\/","url":"https:\/\/pridima.de\/wp-content\/uploads\/2022\/08\/PriMaLernwerstatt_CMYK.png","contentUrl":"https:\/\/pridima.de\/wp-content\/uploads\/2022\/08\/PriMaLernwerstatt_CMYK.png","width":1452,"height":919,"caption":"PriMa Lernwerkstatt"},"image":{"@id":"https:\/\/pridima.de\/#\/schema\/logo\/image\/"}}]}},"_links":{"self":[{"href":"https:\/\/pridima.de\/index.php\/wp-json\/wp\/v2\/pages\/754","targetHints":{"allow":["GET"]}}],"collection":[{"href":"https:\/\/pridima.de\/index.php\/wp-json\/wp\/v2\/pages"}],"about":[{"href":"https:\/\/pridima.de\/index.php\/wp-json\/wp\/v2\/types\/page"}],"author":[{"embeddable":true,"href":"https:\/\/pridima.de\/index.php\/wp-json\/wp\/v2\/users\/1"}],"replies":[{"embeddable":true,"href":"https:\/\/pridima.de\/index.php\/wp-json\/wp\/v2\/comments?post=754"}],"version-history":[{"count":4,"href":"https:\/\/pridima.de\/index.php\/wp-json\/wp\/v2\/pages\/754\/revisions"}],"predecessor-version":[{"id":1218,"href":"https:\/\/pridima.de\/index.php\/wp-json\/wp\/v2\/pages\/754\/revisions\/1218"}],"wp:featuredmedia":[{"embeddable":true,"href":"https:\/\/pridima.de\/index.php\/wp-json\/wp\/v2\/media\/1246"}],"wp:attachment":[{"href":"https:\/\/pridima.de\/index.php\/wp-json\/wp\/v2\/media?parent=754"}],"curies":[{"name":"wp","href":"https:\/\/api.w.org\/{rel}","templated":true}]}}