{"id":224,"date":"2022-09-16T16:27:59","date_gmt":"2022-09-16T14:27:59","guid":{"rendered":"https:\/\/pridima.de\/?page_id=224"},"modified":"2024-11-11T12:43:23","modified_gmt":"2024-11-11T11:43:23","slug":"die-kaefer-sind-los","status":"publish","type":"page","link":"https:\/\/pridima.de\/index.php\/die-kaefer-sind-los\/","title":{"rendered":"Die K\u00e4fer sind los &#8211; Alles rund um das Programmieren von Robotern"},"content":{"rendered":"\n<figure class=\"wp-block-gallery has-nested-images columns-default is-cropped wp-block-gallery-1 is-layout-flex wp-block-gallery-is-layout-flex\">\n<figure class=\"wp-block-image size-large\"><img loading=\"lazy\" decoding=\"async\" width=\"1024\" height=\"683\" data-id=\"1232\" src=\"https:\/\/pridima.de\/wp-content\/uploads\/2024\/11\/MD_23-2_U5_Abb3b-1024x683.jpg\" alt=\"\" class=\"wp-image-1232\" srcset=\"https:\/\/pridima.de\/wp-content\/uploads\/2024\/11\/MD_23-2_U5_Abb3b-1024x683.jpg 1024w, https:\/\/pridima.de\/wp-content\/uploads\/2024\/11\/MD_23-2_U5_Abb3b-300x200.jpg 300w, https:\/\/pridima.de\/wp-content\/uploads\/2024\/11\/MD_23-2_U5_Abb3b-768x512.jpg 768w, https:\/\/pridima.de\/wp-content\/uploads\/2024\/11\/MD_23-2_U5_Abb3b-1536x1024.jpg 1536w, https:\/\/pridima.de\/wp-content\/uploads\/2024\/11\/MD_23-2_U5_Abb3b-2048x1365.jpg 2048w\" sizes=\"auto, (max-width: 767px) 89vw, (max-width: 1000px) 54vw, (max-width: 1071px) 543px, 580px\" \/><\/figure>\n\n\n\n<figure class=\"wp-block-image size-large\"><img loading=\"lazy\" decoding=\"async\" width=\"1024\" height=\"683\" data-id=\"1233\" src=\"https:\/\/pridima.de\/wp-content\/uploads\/2024\/11\/IMG_0754-1024x683.jpg\" alt=\"\" class=\"wp-image-1233\" srcset=\"https:\/\/pridima.de\/wp-content\/uploads\/2024\/11\/IMG_0754-1024x683.jpg 1024w, https:\/\/pridima.de\/wp-content\/uploads\/2024\/11\/IMG_0754-300x200.jpg 300w, https:\/\/pridima.de\/wp-content\/uploads\/2024\/11\/IMG_0754-768x512.jpg 768w, https:\/\/pridima.de\/wp-content\/uploads\/2024\/11\/IMG_0754-1536x1024.jpg 1536w, https:\/\/pridima.de\/wp-content\/uploads\/2024\/11\/IMG_0754-2048x1365.jpg 2048w\" sizes=\"auto, (max-width: 767px) 89vw, (max-width: 1000px) 54vw, (max-width: 1071px) 543px, 580px\" \/><\/figure>\n<\/figure>\n\n\n\n<p>In dieser Lernumgebung kannst du erste Programmiererfahrungen mit dem BlueBot sammeln. Wie funktioniert eigentlich die Kommunikation mit einem Roboter? Und sprechen wir alle die gleiche Sprache? Diese Fragen und noch viele mehr werden wir zusammen beantworten. Du tauchst mit uns in die Welt der Roboter ein.&nbsp; Der BlueBot ist ein Bodenroboter in Form eines K\u00e4fers. Mit Hilfe von Befehlen kannst du den BlueBot in unterschiedliche Richtungen steuern, so dass er verschiedenen Ziele erreichen kann.&nbsp;Du kannst den BlueBot nicht nur&nbsp; von Hand, sondern auch mit einer Programmierleiste steuern.<\/p>\n\n\n\n<p>Zusammen werden wir verschiedene R\u00e4tsel l\u00f6sen und den BlueBot durch seine Gitterwelt navigieren.<\/p>\n\n\n\n<p>Wir freuen uns auf dich!<\/p>\n\n\n\n<hr class=\"wp-block-separator has-alpha-channel-opacity is-style-wide\"\/>\n\n\n\n<p><strong>Digitale Materialien<\/strong>:<\/p>\n\n\n\n<p><strong>Projekt  DiLeSaM<\/strong><\/p>\n\n\n\n<p>M\u00f6chten Sie selbst die Bluebots in Ihrem Unterricht einsetzen? Wir haben Aufgabenstellungen entwickelt, erprobt und evaluiert. Aus dieser Arbeit sind 3 unterschiedliche Produkte entstanden, die Sie direkt f\u00fcr Ihren Unterricht nutzen k\u00f6nnen. Im Begleitheft f\u00fcr Lehrkr\u00e4fte beschreiben wir die theoretischen Hintergr\u00fcnde und geben didaktisch-methodische Hinweise zur unterrichtlichen Umsetzung. Im Aufgabenheft finden sich alle Aufgabenstellungen f\u00fcr die Sch\u00fclerinnen und Sch\u00fcler. In den 6 Karteikarten finden Sie die Kompetenzbeschreibungen pro Aufgabenbereich kurz und knapp zusammengefasst.<\/p>\n\n\n\n<p>Nachfolgend haben wir Ihnen unser entwickeltes Material zur Verf\u00fcgung gestellt. Es ist im Rahmen des&nbsp;<a href=\"https:\/\/nuw.rptu.de\/ags\/ag-didaktik-der-mathematik-primarstufe\/projekte-und-angebote\" target=\"_blank\" rel=\"noreferrer noopener\">Projekts DiLeSaM<\/a>&nbsp;gef\u00f6rdert durch die Deutsche Telekomstiftung entstanden.<\/p>\n\n\n\n<h3 class=\"wp-block-heading\">Downloads&nbsp;<\/h3>\n\n\n\n<figure class=\"wp-block-table\"><table><tbody><tr><td><a href=\"https:\/\/pridima.de\/media\/die-kaefer-sind-los\/download\/Aufgabenheft_SchuelerInnen_DiLeSaM_Bluebot.pdf\">Arbeitsheft Die K\u00e4fer sind los<\/a><\/td><td><a href=\"https:\/\/pridima.de\/media\/die-kaefer-sind-los\/download\/Begleitheft_Lehrkraefte_DiLeSaM_Bluebot.pdf\">Begleitheft f\u00fcr Lehrkr\u00e4fte Die K\u00e4fer sind los<\/a><\/td><\/tr><tr><td>Karteikarten:<\/td><td><a href=\"https:\/\/www.uni-koblenz-landau.de\/de\/landau\/fb7\/mathematik\/labor\/prima\/medienordner\/bastelanleitungmoebiusband\">&nbsp;<\/a><\/td><\/tr><tr><td><a href=\"https:\/\/pridima.de\/media\/die-kaefer-sind-los\/download\/01_Karteikarte%20Befehle%20einfuehren%20und%20visualisieren_DiLeSaM_Bluebot.pdf\">01_Karteikarte Befehle einf\u00fchren und visualisieren<\/a><\/td><td><a href=\"https:\/\/pridima.de\/media\/die-kaefer-sind-los\/download\/02_Karteikarte%20Fahrtwege%20unterschiedlich%20darstellen_DiLeSaM_Bluebot.pdf\">02_Karteikarte Fahrtwege unterschiedlich darstellen<\/a><\/td><\/tr><tr><td><a href=\"https:\/\/pridima.de\/media\/die-kaefer-sind-los\/download\/03_Karteikarte%20Algorithmen%20entwickeln_DiLeSaM_Bluebot.pdf\">03_Karteikarte Algorithmen entwickeln<\/a><\/td><td><a href=\"https:\/\/pridima.de\/media\/die-kaefer-sind-los\/download\/04_Karteikarte%20Fehler%20finden%20und%20beheben_DiLeSaM_Bluebot.pdf\">04_Karteikarte Fehler finden und beheben<\/a><\/td><\/tr><tr><td><a href=\"https:\/\/pridima.de\/media\/die-kaefer-sind-los\/download\/05_Karteikarte%20Muster%20erkennen%20und%20verallgemeinern_DiLeSaM_Bluebot.pdf\">05_Karteikarte Muster erkennen und verallgemeinern<\/a><\/td><td><a href=\"https:\/\/pridima.de\/media\/die-kaefer-sind-los\/download\/06_Karteikarte%20Probleme%20loesen_DiLeSaM_Bluebot.pdf\">06_Karteikarte Probleme l\u00f6sen<\/a><\/td><\/tr><\/tbody><\/table><\/figure>\n","protected":false},"excerpt":{"rendered":"<p>In dieser Lernumgebung kannst du erste Programmiererfahrungen mit dem BlueBot sammeln. Wie funktioniert eigentlich die Kommunikation mit einem Roboter? Und sprechen wir alle die gleiche Sprache? Diese Fragen und noch viele mehr werden wir zusammen beantworten. Du tauchst mit uns in die Welt der Roboter ein.&nbsp; Der BlueBot ist ein Bodenroboter in Form eines K\u00e4fers. &hellip; <\/p>\n<p class=\"link-more\"><a href=\"https:\/\/pridima.de\/index.php\/die-kaefer-sind-los\/\" class=\"more-link\"><span class=\"screen-reader-text\">\u201eDie K\u00e4fer sind los &#8211; Alles rund um das Programmieren von Robotern\u201c<\/span> weiterlesen<\/a><\/p>\n","protected":false},"author":1,"featured_media":1234,"parent":0,"menu_order":0,"comment_status":"closed","ping_status":"closed","template":"","meta":{"footnotes":""},"class_list":["post-224","page","type-page","status-publish","has-post-thumbnail","hentry"],"yoast_head":"<!-- This site is optimized with the Yoast SEO plugin v27.5 - https:\/\/yoast.com\/product\/yoast-seo-wordpress\/ -->\n<title>Die K\u00e4fer sind los - Alles rund um das Programmieren von Robotern - pridima<\/title>\n<meta name=\"robots\" content=\"index, follow, max-snippet:-1, max-image-preview:large, max-video-preview:-1\" \/>\n<link rel=\"canonical\" href=\"https:\/\/pridima.de\/index.php\/die-kaefer-sind-los\/\" \/>\n<meta property=\"og:locale\" content=\"de_DE\" \/>\n<meta property=\"og:type\" content=\"article\" \/>\n<meta property=\"og:title\" content=\"Die K\u00e4fer sind los - Alles rund um das Programmieren von Robotern - pridima\" \/>\n<meta property=\"og:description\" content=\"In dieser Lernumgebung kannst du erste Programmiererfahrungen mit dem BlueBot sammeln. Wie funktioniert eigentlich die Kommunikation mit einem Roboter? Und sprechen wir alle die gleiche Sprache? Diese Fragen und noch viele mehr werden wir zusammen beantworten. Du tauchst mit uns in die Welt der Roboter ein.&nbsp; Der BlueBot ist ein Bodenroboter in Form eines K\u00e4fers. &hellip; \u201eDie K\u00e4fer sind los &#8211; Alles rund um das Programmieren von Robotern\u201c weiterlesen\" \/>\n<meta property=\"og:url\" content=\"https:\/\/pridima.de\/index.php\/die-kaefer-sind-los\/\" \/>\n<meta property=\"og:site_name\" content=\"pridima\" \/>\n<meta property=\"article:modified_time\" content=\"2024-11-11T11:43:23+00:00\" \/>\n<meta property=\"og:image\" content=\"https:\/\/pridima.de\/wp-content\/uploads\/2024\/11\/dieKaeferSindLos.jpeg\" \/>\n\t<meta property=\"og:image:width\" content=\"200\" \/>\n\t<meta property=\"og:image:height\" content=\"133\" \/>\n\t<meta property=\"og:image:type\" content=\"image\/jpeg\" \/>\n<meta name=\"twitter:card\" content=\"summary_large_image\" \/>\n<meta name=\"twitter:label1\" content=\"Gesch\u00e4tzte Lesezeit\" \/>\n\t<meta name=\"twitter:data1\" content=\"2\u00a0Minuten\" \/>\n<script type=\"application\/ld+json\" class=\"yoast-schema-graph\">{\"@context\":\"https:\\\/\\\/schema.org\",\"@graph\":[{\"@type\":\"WebPage\",\"@id\":\"https:\\\/\\\/pridima.de\\\/index.php\\\/die-kaefer-sind-los\\\/\",\"url\":\"https:\\\/\\\/pridima.de\\\/index.php\\\/die-kaefer-sind-los\\\/\",\"name\":\"Die K\u00e4fer sind los - Alles rund um das Programmieren von Robotern - pridima\",\"isPartOf\":{\"@id\":\"https:\\\/\\\/pridima.de\\\/#website\"},\"primaryImageOfPage\":{\"@id\":\"https:\\\/\\\/pridima.de\\\/index.php\\\/die-kaefer-sind-los\\\/#primaryimage\"},\"image\":{\"@id\":\"https:\\\/\\\/pridima.de\\\/index.php\\\/die-kaefer-sind-los\\\/#primaryimage\"},\"thumbnailUrl\":\"https:\\\/\\\/pridima.de\\\/wp-content\\\/uploads\\\/2024\\\/11\\\/dieKaeferSindLos.jpeg\",\"datePublished\":\"2022-09-16T14:27:59+00:00\",\"dateModified\":\"2024-11-11T11:43:23+00:00\",\"breadcrumb\":{\"@id\":\"https:\\\/\\\/pridima.de\\\/index.php\\\/die-kaefer-sind-los\\\/#breadcrumb\"},\"inLanguage\":\"de\",\"potentialAction\":[{\"@type\":\"ReadAction\",\"target\":[\"https:\\\/\\\/pridima.de\\\/index.php\\\/die-kaefer-sind-los\\\/\"]}]},{\"@type\":\"ImageObject\",\"inLanguage\":\"de\",\"@id\":\"https:\\\/\\\/pridima.de\\\/index.php\\\/die-kaefer-sind-los\\\/#primaryimage\",\"url\":\"https:\\\/\\\/pridima.de\\\/wp-content\\\/uploads\\\/2024\\\/11\\\/dieKaeferSindLos.jpeg\",\"contentUrl\":\"https:\\\/\\\/pridima.de\\\/wp-content\\\/uploads\\\/2024\\\/11\\\/dieKaeferSindLos.jpeg\",\"width\":200,\"height\":133},{\"@type\":\"BreadcrumbList\",\"@id\":\"https:\\\/\\\/pridima.de\\\/index.php\\\/die-kaefer-sind-los\\\/#breadcrumb\",\"itemListElement\":[{\"@type\":\"ListItem\",\"position\":1,\"name\":\"Home\",\"item\":\"https:\\\/\\\/pridima.de\\\/\"},{\"@type\":\"ListItem\",\"position\":2,\"name\":\"Die K\u00e4fer sind los &#8211; Alles rund um das Programmieren von Robotern\"}]},{\"@type\":\"WebSite\",\"@id\":\"https:\\\/\\\/pridima.de\\\/#website\",\"url\":\"https:\\\/\\\/pridima.de\\\/\",\"name\":\"pridima\",\"description\":\"Primarstufe Didaktik der Mathematik  Uni Landau\",\"publisher\":{\"@id\":\"https:\\\/\\\/pridima.de\\\/#organization\"},\"potentialAction\":[{\"@type\":\"SearchAction\",\"target\":{\"@type\":\"EntryPoint\",\"urlTemplate\":\"https:\\\/\\\/pridima.de\\\/?s={search_term_string}\"},\"query-input\":{\"@type\":\"PropertyValueSpecification\",\"valueRequired\":true,\"valueName\":\"search_term_string\"}}],\"inLanguage\":\"de\"},{\"@type\":\"Organization\",\"@id\":\"https:\\\/\\\/pridima.de\\\/#organization\",\"name\":\"PriMa Lernwerkstatt\",\"url\":\"https:\\\/\\\/pridima.de\\\/\",\"logo\":{\"@type\":\"ImageObject\",\"inLanguage\":\"de\",\"@id\":\"https:\\\/\\\/pridima.de\\\/#\\\/schema\\\/logo\\\/image\\\/\",\"url\":\"https:\\\/\\\/pridima.de\\\/wp-content\\\/uploads\\\/2022\\\/08\\\/PriMaLernwerstatt_CMYK.png\",\"contentUrl\":\"https:\\\/\\\/pridima.de\\\/wp-content\\\/uploads\\\/2022\\\/08\\\/PriMaLernwerstatt_CMYK.png\",\"width\":1452,\"height\":919,\"caption\":\"PriMa Lernwerkstatt\"},\"image\":{\"@id\":\"https:\\\/\\\/pridima.de\\\/#\\\/schema\\\/logo\\\/image\\\/\"}}]}<\/script>\n<!-- \/ Yoast SEO plugin. -->","yoast_head_json":{"title":"Die K\u00e4fer sind los - Alles rund um das Programmieren von Robotern - pridima","robots":{"index":"index","follow":"follow","max-snippet":"max-snippet:-1","max-image-preview":"max-image-preview:large","max-video-preview":"max-video-preview:-1"},"canonical":"https:\/\/pridima.de\/index.php\/die-kaefer-sind-los\/","og_locale":"de_DE","og_type":"article","og_title":"Die K\u00e4fer sind los - Alles rund um das Programmieren von Robotern - pridima","og_description":"In dieser Lernumgebung kannst du erste Programmiererfahrungen mit dem BlueBot sammeln. Wie funktioniert eigentlich die Kommunikation mit einem Roboter? Und sprechen wir alle die gleiche Sprache? Diese Fragen und noch viele mehr werden wir zusammen beantworten. Du tauchst mit uns in die Welt der Roboter ein.&nbsp; Der BlueBot ist ein Bodenroboter in Form eines K\u00e4fers. &hellip; \u201eDie K\u00e4fer sind los &#8211; Alles rund um das Programmieren von Robotern\u201c weiterlesen","og_url":"https:\/\/pridima.de\/index.php\/die-kaefer-sind-los\/","og_site_name":"pridima","article_modified_time":"2024-11-11T11:43:23+00:00","og_image":[{"width":200,"height":133,"url":"https:\/\/pridima.de\/wp-content\/uploads\/2024\/11\/dieKaeferSindLos.jpeg","type":"image\/jpeg"}],"twitter_card":"summary_large_image","twitter_misc":{"Gesch\u00e4tzte Lesezeit":"2\u00a0Minuten"},"schema":{"@context":"https:\/\/schema.org","@graph":[{"@type":"WebPage","@id":"https:\/\/pridima.de\/index.php\/die-kaefer-sind-los\/","url":"https:\/\/pridima.de\/index.php\/die-kaefer-sind-los\/","name":"Die K\u00e4fer sind los - Alles rund um das Programmieren von Robotern - pridima","isPartOf":{"@id":"https:\/\/pridima.de\/#website"},"primaryImageOfPage":{"@id":"https:\/\/pridima.de\/index.php\/die-kaefer-sind-los\/#primaryimage"},"image":{"@id":"https:\/\/pridima.de\/index.php\/die-kaefer-sind-los\/#primaryimage"},"thumbnailUrl":"https:\/\/pridima.de\/wp-content\/uploads\/2024\/11\/dieKaeferSindLos.jpeg","datePublished":"2022-09-16T14:27:59+00:00","dateModified":"2024-11-11T11:43:23+00:00","breadcrumb":{"@id":"https:\/\/pridima.de\/index.php\/die-kaefer-sind-los\/#breadcrumb"},"inLanguage":"de","potentialAction":[{"@type":"ReadAction","target":["https:\/\/pridima.de\/index.php\/die-kaefer-sind-los\/"]}]},{"@type":"ImageObject","inLanguage":"de","@id":"https:\/\/pridima.de\/index.php\/die-kaefer-sind-los\/#primaryimage","url":"https:\/\/pridima.de\/wp-content\/uploads\/2024\/11\/dieKaeferSindLos.jpeg","contentUrl":"https:\/\/pridima.de\/wp-content\/uploads\/2024\/11\/dieKaeferSindLos.jpeg","width":200,"height":133},{"@type":"BreadcrumbList","@id":"https:\/\/pridima.de\/index.php\/die-kaefer-sind-los\/#breadcrumb","itemListElement":[{"@type":"ListItem","position":1,"name":"Home","item":"https:\/\/pridima.de\/"},{"@type":"ListItem","position":2,"name":"Die K\u00e4fer sind los &#8211; Alles rund um das Programmieren von Robotern"}]},{"@type":"WebSite","@id":"https:\/\/pridima.de\/#website","url":"https:\/\/pridima.de\/","name":"pridima","description":"Primarstufe Didaktik der Mathematik  Uni Landau","publisher":{"@id":"https:\/\/pridima.de\/#organization"},"potentialAction":[{"@type":"SearchAction","target":{"@type":"EntryPoint","urlTemplate":"https:\/\/pridima.de\/?s={search_term_string}"},"query-input":{"@type":"PropertyValueSpecification","valueRequired":true,"valueName":"search_term_string"}}],"inLanguage":"de"},{"@type":"Organization","@id":"https:\/\/pridima.de\/#organization","name":"PriMa Lernwerkstatt","url":"https:\/\/pridima.de\/","logo":{"@type":"ImageObject","inLanguage":"de","@id":"https:\/\/pridima.de\/#\/schema\/logo\/image\/","url":"https:\/\/pridima.de\/wp-content\/uploads\/2022\/08\/PriMaLernwerstatt_CMYK.png","contentUrl":"https:\/\/pridima.de\/wp-content\/uploads\/2022\/08\/PriMaLernwerstatt_CMYK.png","width":1452,"height":919,"caption":"PriMa Lernwerkstatt"},"image":{"@id":"https:\/\/pridima.de\/#\/schema\/logo\/image\/"}}]}},"_links":{"self":[{"href":"https:\/\/pridima.de\/index.php\/wp-json\/wp\/v2\/pages\/224","targetHints":{"allow":["GET"]}}],"collection":[{"href":"https:\/\/pridima.de\/index.php\/wp-json\/wp\/v2\/pages"}],"about":[{"href":"https:\/\/pridima.de\/index.php\/wp-json\/wp\/v2\/types\/page"}],"author":[{"embeddable":true,"href":"https:\/\/pridima.de\/index.php\/wp-json\/wp\/v2\/users\/1"}],"replies":[{"embeddable":true,"href":"https:\/\/pridima.de\/index.php\/wp-json\/wp\/v2\/comments?post=224"}],"version-history":[{"count":10,"href":"https:\/\/pridima.de\/index.php\/wp-json\/wp\/v2\/pages\/224\/revisions"}],"predecessor-version":[{"id":1235,"href":"https:\/\/pridima.de\/index.php\/wp-json\/wp\/v2\/pages\/224\/revisions\/1235"}],"wp:featuredmedia":[{"embeddable":true,"href":"https:\/\/pridima.de\/index.php\/wp-json\/wp\/v2\/media\/1234"}],"wp:attachment":[{"href":"https:\/\/pridima.de\/index.php\/wp-json\/wp\/v2\/media?parent=224"}],"curies":[{"name":"wp","href":"https:\/\/api.w.org\/{rel}","templated":true}]}}