{"id":1539,"date":"2026-01-21T11:03:55","date_gmt":"2026-01-21T10:03:55","guid":{"rendered":"https:\/\/pridima.de\/?page_id=1539"},"modified":"2026-01-21T11:15:55","modified_gmt":"2026-01-21T10:15:55","slug":"prima-pass","status":"publish","type":"page","link":"https:\/\/pridima.de\/index.php\/prima-pass\/","title":{"rendered":"PriMa-Pass"},"content":{"rendered":"\n<div class=\"wp-block-media-text is-stacked-on-mobile\" style=\"grid-template-columns:30% auto\"><figure class=\"wp-block-media-text__media\"><img loading=\"lazy\" decoding=\"async\" width=\"756\" height=\"1024\" src=\"https:\/\/pridima.de\/wp-content\/uploads\/2026\/01\/Pirma-Pass-Seite-1-2-756x1024.jpg\" alt=\"\" class=\"wp-image-1556 size-full\" srcset=\"https:\/\/pridima.de\/wp-content\/uploads\/2026\/01\/Pirma-Pass-Seite-1-2-756x1024.jpg 756w, https:\/\/pridima.de\/wp-content\/uploads\/2026\/01\/Pirma-Pass-Seite-1-2-222x300.jpg 222w, https:\/\/pridima.de\/wp-content\/uploads\/2026\/01\/Pirma-Pass-Seite-1-2-768x1040.jpg 768w, https:\/\/pridima.de\/wp-content\/uploads\/2026\/01\/Pirma-Pass-Seite-1-2.jpg 793w\" sizes=\"auto, (max-width: 706px) 89vw, (max-width: 767px) 82vw, 740px\" \/><\/figure><div class=\"wp-block-media-text__content\">\n<p>Ab dem 01.01.2026 gibt es den neuen PriMA-Pass f\u00fcr euch. Nun k\u00f6nnt ihr exklusiv bei uns das ganze Jahr Sticker sammeln und am Jahresende eine mathematische \u00dcberraschung gegen einen vollen Pass umtauschen. Sobald du uns das erste Mal besuchst, bekommst du einen Pass von uns.<\/p>\n\n\n\n<p>Wir freuen uns auf euch!<\/p>\n\n\n\n<p>Weitere Infos folgen hier in K\u00fcrze.<\/p>\n<\/div><\/div>\n\n\n\n<figure class=\"wp-block-image size-large is-resized\"><img loading=\"lazy\" decoding=\"async\" width=\"1024\" height=\"755\" src=\"https:\/\/pridima.de\/wp-content\/uploads\/2026\/01\/Primapass-innen-1024x755.jpg\" alt=\"\" class=\"wp-image-1540\" style=\"width:800px\" srcset=\"https:\/\/pridima.de\/wp-content\/uploads\/2026\/01\/Primapass-innen-1024x755.jpg 1024w, https:\/\/pridima.de\/wp-content\/uploads\/2026\/01\/Primapass-innen-300x221.jpg 300w, https:\/\/pridima.de\/wp-content\/uploads\/2026\/01\/Primapass-innen-768x567.jpg 768w, https:\/\/pridima.de\/wp-content\/uploads\/2026\/01\/Primapass-innen.jpg 1479w\" sizes=\"auto, (max-width: 767px) 89vw, (max-width: 1000px) 54vw, (max-width: 1071px) 543px, 580px\" \/><\/figure>\n","protected":false},"excerpt":{"rendered":"<p>Ab dem 01.01.2026 gibt es den neuen PriMA-Pass f\u00fcr euch. Nun k\u00f6nnt ihr exklusiv bei uns das ganze Jahr Sticker sammeln und am Jahresende eine mathematische \u00dcberraschung gegen einen vollen Pass umtauschen. Sobald du uns das erste Mal besuchst, bekommst du einen Pass von uns. Wir freuen uns auf euch! Weitere Infos folgen hier in &hellip; <\/p>\n<p class=\"link-more\"><a href=\"https:\/\/pridima.de\/index.php\/prima-pass\/\" class=\"more-link\"><span class=\"screen-reader-text\">\u201ePriMa-Pass\u201c<\/span> weiterlesen<\/a><\/p>\n","protected":false},"author":6,"featured_media":0,"parent":0,"menu_order":0,"comment_status":"closed","ping_status":"closed","template":"","meta":{"footnotes":""},"class_list":["post-1539","page","type-page","status-publish","hentry"],"yoast_head":"<!-- This site is optimized with the Yoast SEO plugin v27.2 - https:\/\/yoast.com\/product\/yoast-seo-wordpress\/ -->\n<title>PriMa-Pass - pridima<\/title>\n<meta name=\"robots\" content=\"index, follow, max-snippet:-1, max-image-preview:large, max-video-preview:-1\" \/>\n<link rel=\"canonical\" href=\"https:\/\/pridima.de\/index.php\/prima-pass\/\" \/>\n<meta property=\"og:locale\" content=\"de_DE\" \/>\n<meta property=\"og:type\" content=\"article\" \/>\n<meta property=\"og:title\" content=\"PriMa-Pass - pridima\" \/>\n<meta property=\"og:description\" content=\"Ab dem 01.01.2026 gibt es den neuen PriMA-Pass f\u00fcr euch. Nun k\u00f6nnt ihr exklusiv bei uns das ganze Jahr Sticker sammeln und am Jahresende eine mathematische \u00dcberraschung gegen einen vollen Pass umtauschen. Sobald du uns das erste Mal besuchst, bekommst du einen Pass von uns. Wir freuen uns auf euch! Weitere Infos folgen hier in &hellip; \u201ePriMa-Pass\u201c weiterlesen\" \/>\n<meta property=\"og:url\" content=\"https:\/\/pridima.de\/index.php\/prima-pass\/\" \/>\n<meta property=\"og:site_name\" content=\"pridima\" \/>\n<meta property=\"article:modified_time\" content=\"2026-01-21T10:15:55+00:00\" \/>\n<meta property=\"og:image\" content=\"https:\/\/pridima.de\/wp-content\/uploads\/2026\/01\/Pirma-Pass-Seite-1-2.jpg\" \/>\n\t<meta property=\"og:image:width\" content=\"793\" \/>\n\t<meta property=\"og:image:height\" content=\"1074\" \/>\n\t<meta property=\"og:image:type\" content=\"image\/jpeg\" \/>\n<meta name=\"twitter:card\" content=\"summary_large_image\" \/>\n<meta name=\"twitter:label1\" content=\"Gesch\u00e4tzte Lesezeit\" \/>\n\t<meta name=\"twitter:data1\" content=\"1\u00a0Minute\" \/>\n<script type=\"application\/ld+json\" class=\"yoast-schema-graph\">{\"@context\":\"https:\/\/schema.org\",\"@graph\":[{\"@type\":\"WebPage\",\"@id\":\"https:\/\/pridima.de\/index.php\/prima-pass\/\",\"url\":\"https:\/\/pridima.de\/index.php\/prima-pass\/\",\"name\":\"PriMa-Pass - pridima\",\"isPartOf\":{\"@id\":\"https:\/\/pridima.de\/#website\"},\"primaryImageOfPage\":{\"@id\":\"https:\/\/pridima.de\/index.php\/prima-pass\/#primaryimage\"},\"image\":{\"@id\":\"https:\/\/pridima.de\/index.php\/prima-pass\/#primaryimage\"},\"thumbnailUrl\":\"https:\/\/pridima.de\/wp-content\/uploads\/2026\/01\/Pirma-Pass-Seite-1-2-756x1024.jpg\",\"datePublished\":\"2026-01-21T10:03:55+00:00\",\"dateModified\":\"2026-01-21T10:15:55+00:00\",\"breadcrumb\":{\"@id\":\"https:\/\/pridima.de\/index.php\/prima-pass\/#breadcrumb\"},\"inLanguage\":\"de\",\"potentialAction\":[{\"@type\":\"ReadAction\",\"target\":[\"https:\/\/pridima.de\/index.php\/prima-pass\/\"]}]},{\"@type\":\"ImageObject\",\"inLanguage\":\"de\",\"@id\":\"https:\/\/pridima.de\/index.php\/prima-pass\/#primaryimage\",\"url\":\"https:\/\/pridima.de\/wp-content\/uploads\/2026\/01\/Pirma-Pass-Seite-1-2.jpg\",\"contentUrl\":\"https:\/\/pridima.de\/wp-content\/uploads\/2026\/01\/Pirma-Pass-Seite-1-2.jpg\",\"width\":793,\"height\":1074},{\"@type\":\"BreadcrumbList\",\"@id\":\"https:\/\/pridima.de\/index.php\/prima-pass\/#breadcrumb\",\"itemListElement\":[{\"@type\":\"ListItem\",\"position\":1,\"name\":\"Home\",\"item\":\"https:\/\/pridima.de\/\"},{\"@type\":\"ListItem\",\"position\":2,\"name\":\"PriMa-Pass\"}]},{\"@type\":\"WebSite\",\"@id\":\"https:\/\/pridima.de\/#website\",\"url\":\"https:\/\/pridima.de\/\",\"name\":\"pridima\",\"description\":\"Primarstufe Didaktik der Mathematik  Uni Landau\",\"publisher\":{\"@id\":\"https:\/\/pridima.de\/#organization\"},\"potentialAction\":[{\"@type\":\"SearchAction\",\"target\":{\"@type\":\"EntryPoint\",\"urlTemplate\":\"https:\/\/pridima.de\/?s={search_term_string}\"},\"query-input\":{\"@type\":\"PropertyValueSpecification\",\"valueRequired\":true,\"valueName\":\"search_term_string\"}}],\"inLanguage\":\"de\"},{\"@type\":\"Organization\",\"@id\":\"https:\/\/pridima.de\/#organization\",\"name\":\"PriMa Lernwerkstatt\",\"url\":\"https:\/\/pridima.de\/\",\"logo\":{\"@type\":\"ImageObject\",\"inLanguage\":\"de\",\"@id\":\"https:\/\/pridima.de\/#\/schema\/logo\/image\/\",\"url\":\"https:\/\/pridima.de\/wp-content\/uploads\/2022\/08\/PriMaLernwerstatt_CMYK.png\",\"contentUrl\":\"https:\/\/pridima.de\/wp-content\/uploads\/2022\/08\/PriMaLernwerstatt_CMYK.png\",\"width\":1452,\"height\":919,\"caption\":\"PriMa Lernwerkstatt\"},\"image\":{\"@id\":\"https:\/\/pridima.de\/#\/schema\/logo\/image\/\"}}]}<\/script>\n<!-- \/ Yoast SEO plugin. -->","yoast_head_json":{"title":"PriMa-Pass - pridima","robots":{"index":"index","follow":"follow","max-snippet":"max-snippet:-1","max-image-preview":"max-image-preview:large","max-video-preview":"max-video-preview:-1"},"canonical":"https:\/\/pridima.de\/index.php\/prima-pass\/","og_locale":"de_DE","og_type":"article","og_title":"PriMa-Pass - pridima","og_description":"Ab dem 01.01.2026 gibt es den neuen PriMA-Pass f\u00fcr euch. Nun k\u00f6nnt ihr exklusiv bei uns das ganze Jahr Sticker sammeln und am Jahresende eine mathematische \u00dcberraschung gegen einen vollen Pass umtauschen. Sobald du uns das erste Mal besuchst, bekommst du einen Pass von uns. Wir freuen uns auf euch! Weitere Infos folgen hier in &hellip; \u201ePriMa-Pass\u201c weiterlesen","og_url":"https:\/\/pridima.de\/index.php\/prima-pass\/","og_site_name":"pridima","article_modified_time":"2026-01-21T10:15:55+00:00","og_image":[{"width":793,"height":1074,"url":"https:\/\/pridima.de\/wp-content\/uploads\/2026\/01\/Pirma-Pass-Seite-1-2.jpg","type":"image\/jpeg"}],"twitter_card":"summary_large_image","twitter_misc":{"Gesch\u00e4tzte Lesezeit":"1\u00a0Minute"},"schema":{"@context":"https:\/\/schema.org","@graph":[{"@type":"WebPage","@id":"https:\/\/pridima.de\/index.php\/prima-pass\/","url":"https:\/\/pridima.de\/index.php\/prima-pass\/","name":"PriMa-Pass - pridima","isPartOf":{"@id":"https:\/\/pridima.de\/#website"},"primaryImageOfPage":{"@id":"https:\/\/pridima.de\/index.php\/prima-pass\/#primaryimage"},"image":{"@id":"https:\/\/pridima.de\/index.php\/prima-pass\/#primaryimage"},"thumbnailUrl":"https:\/\/pridima.de\/wp-content\/uploads\/2026\/01\/Pirma-Pass-Seite-1-2-756x1024.jpg","datePublished":"2026-01-21T10:03:55+00:00","dateModified":"2026-01-21T10:15:55+00:00","breadcrumb":{"@id":"https:\/\/pridima.de\/index.php\/prima-pass\/#breadcrumb"},"inLanguage":"de","potentialAction":[{"@type":"ReadAction","target":["https:\/\/pridima.de\/index.php\/prima-pass\/"]}]},{"@type":"ImageObject","inLanguage":"de","@id":"https:\/\/pridima.de\/index.php\/prima-pass\/#primaryimage","url":"https:\/\/pridima.de\/wp-content\/uploads\/2026\/01\/Pirma-Pass-Seite-1-2.jpg","contentUrl":"https:\/\/pridima.de\/wp-content\/uploads\/2026\/01\/Pirma-Pass-Seite-1-2.jpg","width":793,"height":1074},{"@type":"BreadcrumbList","@id":"https:\/\/pridima.de\/index.php\/prima-pass\/#breadcrumb","itemListElement":[{"@type":"ListItem","position":1,"name":"Home","item":"https:\/\/pridima.de\/"},{"@type":"ListItem","position":2,"name":"PriMa-Pass"}]},{"@type":"WebSite","@id":"https:\/\/pridima.de\/#website","url":"https:\/\/pridima.de\/","name":"pridima","description":"Primarstufe Didaktik der Mathematik  Uni Landau","publisher":{"@id":"https:\/\/pridima.de\/#organization"},"potentialAction":[{"@type":"SearchAction","target":{"@type":"EntryPoint","urlTemplate":"https:\/\/pridima.de\/?s={search_term_string}"},"query-input":{"@type":"PropertyValueSpecification","valueRequired":true,"valueName":"search_term_string"}}],"inLanguage":"de"},{"@type":"Organization","@id":"https:\/\/pridima.de\/#organization","name":"PriMa Lernwerkstatt","url":"https:\/\/pridima.de\/","logo":{"@type":"ImageObject","inLanguage":"de","@id":"https:\/\/pridima.de\/#\/schema\/logo\/image\/","url":"https:\/\/pridima.de\/wp-content\/uploads\/2022\/08\/PriMaLernwerstatt_CMYK.png","contentUrl":"https:\/\/pridima.de\/wp-content\/uploads\/2022\/08\/PriMaLernwerstatt_CMYK.png","width":1452,"height":919,"caption":"PriMa Lernwerkstatt"},"image":{"@id":"https:\/\/pridima.de\/#\/schema\/logo\/image\/"}}]}},"_links":{"self":[{"href":"https:\/\/pridima.de\/index.php\/wp-json\/wp\/v2\/pages\/1539","targetHints":{"allow":["GET"]}}],"collection":[{"href":"https:\/\/pridima.de\/index.php\/wp-json\/wp\/v2\/pages"}],"about":[{"href":"https:\/\/pridima.de\/index.php\/wp-json\/wp\/v2\/types\/page"}],"author":[{"embeddable":true,"href":"https:\/\/pridima.de\/index.php\/wp-json\/wp\/v2\/users\/6"}],"replies":[{"embeddable":true,"href":"https:\/\/pridima.de\/index.php\/wp-json\/wp\/v2\/comments?post=1539"}],"version-history":[{"count":8,"href":"https:\/\/pridima.de\/index.php\/wp-json\/wp\/v2\/pages\/1539\/revisions"}],"predecessor-version":[{"id":1559,"href":"https:\/\/pridima.de\/index.php\/wp-json\/wp\/v2\/pages\/1539\/revisions\/1559"}],"wp:attachment":[{"href":"https:\/\/pridima.de\/index.php\/wp-json\/wp\/v2\/media?parent=1539"}],"curies":[{"name":"wp","href":"https:\/\/api.w.org\/{rel}","templated":true}]}}